{"id":4961,"date":"2008-10-21T10:01:38","date_gmt":"2008-10-21T10:01:38","guid":{"rendered":"https:\/\/davidobon.com\/?post_type=portfolio&#038;p=4961"},"modified":"2021-10-25T15:05:49","modified_gmt":"2021-10-25T15:05:49","slug":"edificio-de-57-viviendas-en-malgrat-de-mar","status":"publish","type":"portfolio","link":"https:\/\/davidobon.com\/es\/projects\/edificio-de-57-viviendas-en-malgrat-de-mar\/","title":{"rendered":"Edificio de 57 viviendas en Malgrat de Mar"},"content":{"rendered":"<div class=\"wpb-content-wrapper\"><div class=\"vc-row-container container\"><div class=\"vc_row wpb_row vc_row-fluid\"><div class=\"wpb_column vc_column_container vc_col-sm-12\"><div class=\"vc_column-inner\"><div class=\"wpb_wrapper\">\n\t<div class=\"wpb_text_column wpb_content_element post-formatting\" >\n\t\t<div class=\"wpb_wrapper\">\n\t\t\t\n\t\t<\/div>\n\t<\/div>\n\n\t<div  class=\"wpb_single_image wpb_content_element vc_align_center wpb_content_element\">\n\t\t\n\t\t<figure class=\"wpb_wrapper vc_figure\">\n\t\t\t<div class=\"vc_single_image-wrapper   vc_box_border_grey\"><img decoding=\"async\" class=\"vc_single_image-img\" src=\"https:\/\/davidobon.com\/wp-content\/uploads\/2021\/10\/IM4-3-1900x500.jpg\" width=\"1900\" height=\"500\" alt=\"IM4\" title=\"IM4\" loading=\"lazy\" \/><\/div>\n\t\t<\/figure>\n\t<\/div>\n<\/div><\/div><\/div><\/div><\/div><div class=\"vc-row-container container\"><div class=\"vc_row wpb_row vc_row-fluid\"><div class=\"wpb_column vc_column_container vc_col-sm-6\"><div class=\"vc_column-inner\"><div class=\"wpb_wrapper\">\n\t<div class=\"wpb_text_column wpb_content_element post-formatting\" >\n\t\t<div class=\"wpb_wrapper\">\n\t\t\t<ul>\n<li>Arquitecto: David Obon<\/li>\n<li>Situaci\u00f3n: Malgrat de Mar<\/li>\n<li>Fecha: 2011<\/li>\n<li>Tipo Obra: Plurifamiliar privado<\/li>\n<li>Superficie: 7.105 m2<\/li>\n<li>Presupuesto:\u00a0 3.200.000 \u20ac<\/li>\n<li>Promotor: Complex Habitat<\/li>\n<\/ul>\n\n\t\t<\/div>\n\t<\/div>\n<\/div><\/div><\/div><div class=\"wpb_column vc_column_container vc_col-sm-6\"><div class=\"vc_column-inner\"><div class=\"wpb_wrapper\">\n\t<div class=\"wpb_text_column wpb_content_element post-formatting\" >\n\t\t<div class=\"wpb_wrapper\">\n\t\t\t<p>Se propone un edificio continuo, en forma de U semicerrada y configurada en dos cuerpos edificados con alturas de PB + 3PP y PB + 5PP.<br \/>\nLa espec\u00edfica volumetr\u00eda, recoge las alturas de 4 plantas correspondientes a los edificios adyacentes de la calle Balmes, situando el volumen edificado m\u00e1s bajo como elemento de transici\u00f3n entre las diferentes alturas de la v\u00eda. La menor altura de este volumen garantiza al mismo tiempo, un mejor soleamiento del conjunto del espacio interior. el proyecto prev\u00e9 un sistema de recogida de aguas pluviales para el riego del espacio comunitario. En el dise\u00f1o del jard\u00edn, se utilizaron plantas aut\u00f3ctonas de bajo consumo de agua.<\/p>\n\n\t\t<\/div>\n\t<\/div>\n<\/div><\/div><\/div><\/div><\/div><div class=\"vc-row-container container\"><div class=\"vc_row wpb_row vc_row-fluid\"><div class=\"wpb_column vc_column_container vc_col-sm-12\"><div class=\"vc_column-inner\"><div class=\"wpb_wrapper\">\n<div class=\"vc_grid-container-wrapper vc_clearfix vc_grid-animation-fadeIn\">\n\t<div class=\"vc_grid-container vc_clearfix wpb_content_element vc_media_grid\" data-initial-loading-animation=\"fadeIn\" data-vc-grid-settings=\"{&quot;page_id&quot;:4961,&quot;style&quot;:&quot;all&quot;,&quot;action&quot;:&quot;vc_get_vc_grid_data&quot;,&quot;shortcode_id&quot;:&quot;1634827997235-c6f02ece-11eb-3&quot;,&quot;tag&quot;:&quot;vc_media_grid&quot;}\" data-vc-request=\"https:\/\/davidobon.com\/wp-admin\/admin-ajax.php\" data-vc-post-id=\"4961\" data-vc-public-nonce=\"f4d890c416\">\n\t\t\n\t<\/div>\n<\/div><\/div><\/div><\/div><\/div><\/div>\n<\/div>","protected":false},"excerpt":{"rendered":"Arquitecto: David Obon Situaci\u00f3n: Malgrat de Mar Fecha: 2011 Tipo Obra: Plurifamiliar privado Superficie: 7.105 m2 Presupuesto:\u00a0 3.200.000 \u20ac Promotor: Complex Habitat Se propone un edificio continuo, en forma de U semicerrada y configurada en dos cuerpos edificados con alturas de PB + 3PP y PB + 5PP. La espec\u00edfica volumetr\u00eda, recoge las alturas de&hellip;","protected":false},"author":1,"featured_media":4997,"comment_status":"open","ping_status":"closed","template":"","meta":{"_acf_changed":false,"om_disable_all_campaigns":false,"inline_featured_image":false,"_monsterinsights_skip_tracking":false,"_monsterinsights_sitenote_active":false,"_monsterinsights_sitenote_note":"","_monsterinsights_sitenote_category":0,"footnotes":""},"portfolio_category":[59],"portfolio_tag":[],"class_list":["post-4961","portfolio","type-portfolio","status-publish","has-post-thumbnail","hentry","portfolio_category-projects"],"acf":[],"_links":{"self":[{"href":"https:\/\/davidobon.com\/es\/wp-json\/wp\/v2\/portfolio\/4961","targetHints":{"allow":["GET"]}}],"collection":[{"href":"https:\/\/davidobon.com\/es\/wp-json\/wp\/v2\/portfolio"}],"about":[{"href":"https:\/\/davidobon.com\/es\/wp-json\/wp\/v2\/types\/portfolio"}],"author":[{"embeddable":true,"href":"https:\/\/davidobon.com\/es\/wp-json\/wp\/v2\/users\/1"}],"replies":[{"embeddable":true,"href":"https:\/\/davidobon.com\/es\/wp-json\/wp\/v2\/comments?post=4961"}],"version-history":[{"count":7,"href":"https:\/\/davidobon.com\/es\/wp-json\/wp\/v2\/portfolio\/4961\/revisions"}],"predecessor-version":[{"id":5004,"href":"https:\/\/davidobon.com\/es\/wp-json\/wp\/v2\/portfolio\/4961\/revisions\/5004"}],"wp:featuredmedia":[{"embeddable":true,"href":"https:\/\/davidobon.com\/es\/wp-json\/wp\/v2\/media\/4997"}],"wp:attachment":[{"href":"https:\/\/davidobon.com\/es\/wp-json\/wp\/v2\/media?parent=4961"}],"wp:term":[{"taxonomy":"portfolio_category","embeddable":true,"href":"https:\/\/davidobon.com\/es\/wp-json\/wp\/v2\/portfolio_category?post=4961"},{"taxonomy":"portfolio_tag","embeddable":true,"href":"https:\/\/davidobon.com\/es\/wp-json\/wp\/v2\/portfolio_tag?post=4961"}],"curies":[{"name":"wp","href":"https:\/\/api.w.org\/{rel}","templated":true}]}}

<div class="wpb-content-wrapper"><div class="vc-row-container container"><div class="vc_row wpb_row vc_row-fluid"><div class="wpb_column vc_column_container vc_col-sm-12"><div class="vc_column-inner"><div class="wpb_wrapper">
	<div class="wpb_text_column wpb_content_element post-formatting" >
		<div class="wpb_wrapper">
			
		</div>
	</div>

	<div  class="wpb_single_image wpb_content_element vc_align_center wpb_content_element">
		
		<figure class="wpb_wrapper vc_figure">
			<div class="vc_single_image-wrapper   vc_box_border_grey"><img decoding="async" class="vc_single_image-img" src="https://davidobon.com/wp-content/uploads/2021/10/IM4-3-1900x500.jpg" width="1900" height="500" alt="IM4" title="IM4" loading="lazy" /></div>
		</figure>
	</div>
</div></div></div></div></div><div class="vc-row-container container"><div class="vc_row wpb_row vc_row-fluid"><div class="wpb_column vc_column_container vc_col-sm-6"><div class="vc_column-inner"><div class="wpb_wrapper">
	<div class="wpb_text_column wpb_content_element post-formatting" >
		<div class="wpb_wrapper">
			<ul>
<li>Arquitecto: David Obon</li>
<li>Situación: Malgrat de Mar</li>
<li>Fecha: 2011</li>
<li>Tipo Obra: Plurifamiliar privado</li>
<li>Superficie: 7.105 m2</li>
<li>Presupuesto:  3.200.000 €</li>
<li>Promotor: Complex Habitat</li>
</ul>

		</div>
	</div>
</div></div></div><div class="wpb_column vc_column_container vc_col-sm-6"><div class="vc_column-inner"><div class="wpb_wrapper">
	<div class="wpb_text_column wpb_content_element post-formatting" >
		<div class="wpb_wrapper">
			<p>Se propone un edificio continuo, en forma de U semicerrada y configurada en dos cuerpos edificados con alturas de PB + 3PP y PB + 5PP.<br />
La específica volumetría, recoge las alturas de 4 plantas correspondientes a los edificios adyacentes de la calle Balmes, situando el volumen edificado más bajo como elemento de transición entre las diferentes alturas de la vía. La menor altura de este volumen garantiza al mismo tiempo, un mejor soleamiento del conjunto del espacio interior. el proyecto prevé un sistema de recogida de aguas pluviales para el riego del espacio comunitario. En el diseño del jardín, se utilizaron plantas autóctonas de bajo consumo de agua.</p>

		</div>
	</div>
</div></div></div></div></div><div class="vc-row-container container"><div class="vc_row wpb_row vc_row-fluid"><div class="wpb_column vc_column_container vc_col-sm-12"><div class="vc_column-inner"><div class="wpb_wrapper">
<div class="vc_grid-container-wrapper vc_clearfix vc_grid-animation-fadeIn">
	<div class="vc_grid-container vc_clearfix wpb_content_element vc_media_grid" data-initial-loading-animation="fadeIn" data-vc-grid-settings="{&quot;page_id&quot;:4961,&quot;style&quot;:&quot;all&quot;,&quot;action&quot;:&quot;vc_get_vc_grid_data&quot;,&quot;shortcode_id&quot;:&quot;1634827997235-c6f02ece-11eb-3&quot;,&quot;tag&quot;:&quot;vc_media_grid&quot;}" data-vc-request="https://davidobon.com/wp-admin/admin-ajax.php" data-vc-post-id="4961" data-vc-public-nonce="f4d890c416">
		
	</div>
</div></div></div></div></div></div>
</div>

Arquitecto: David Obon Situación: Malgrat de Mar Fecha: 2011 Tipo Obra: Plurifamiliar privado Superficie: 7.105 m2 Presupuesto:  3.200.000 € Promotor: Complex Habitat Se propone un edificio continuo, en forma de U semicerrada y configurada en dos cuerpos edificados con alturas de PB + 3PP y PB + 5PP. La específica volumetría, recoge las alturas de&hellip;
